{"id":2,"date":"2025-12-12T21:33:40","date_gmt":"2025-12-12T14:33:40","guid":{"rendered":"https:\/\/www.demo.vietnamweb.asia\/?page_id=2"},"modified":"2025-12-12T21:41:36","modified_gmt":"2025-12-12T14:41:36","slug":"trang-chu","status":"publish","type":"page","link":"https:\/\/vipwin12.net\/","title":{"rendered":"Vipwin12 com &#8211; Trang Ch\u1ee7 Vipwin | T\u1ea3i App Nh\u1eadn Th\u01b0\u1edfng T\u1ed1i \u0110a 28.888k"},"content":{"rendered":"<h2><span style=\"font-size: 110%; color: #f99b1c;\"><strong>TRANG CH\u1ee6 \u0110\u0102NG NH\u1eacP NH\u00c0 C\u00c1I VIPWIN<\/strong><\/span><\/h2>\n<p>Link trang t\u1ed5ng v\u00e0o Vipwin12 com ch\u00ednh th\u1ee9c c\u1eadp nh\u1eadt ng\u00e0y h\u00f4m nay m\u1edbi nh\u1ea5t:<\/p>\n<div class=\"row row-small\"  id=\"row-331970412\">\n\n\t<div id=\"col-1976111962\" class=\"col medium-4 small-12 large-4\"  >\n\t\t\t\t<div class=\"col-inner\"  >\n\t\t\t\n\t\t\t\n\t<div class=\"img has-hover x md-x lg-x y md-y lg-y\" id=\"image_749715699\">\n\t\t<a class=\"\" href=\"https:\/\/te8qc2.pro\/24z7\" >\t\t\t\t\t\t<div class=\"img-inner dark\" >\n\t\t\t<img loading=\"lazy\" decoding=\"async\" width=\"400\" height=\"188\" src=\"https:\/\/vipwin12.net\/wp-content\/uploads\/2025\/03\/dang-ky.webp\" class=\"attachment-original size-original\" alt=\"\u0110\u0103ng k\u00fd nh\u00e0 c\u00e1i\" srcset=\"https:\/\/vipwin12.net\/wp-content\/uploads\/2025\/03\/dang-ky.webp 400w, https:\/\/vipwin12.net\/wp-content\/uploads\/2025\/03\/dang-ky-300x141.webp 300w\" sizes=\"auto, (max-width: 400px) 100vw, 400px\" \/>\t\t\t\t\t\t\n\t\t\t\t\t<\/div>\n\t\t\t\t\t\t<\/a>\t\t\n<style>\n#image_749715699 {\n  width: 100%;\n}\n<\/style>\n\t<\/div>\n\t\n\t\t<\/div>\n\t\t\t\t\t<\/div>\n\n\t\n\n\t<div id=\"col-849376589\" class=\"col medium-4 small-12 large-4\"  >\n\t\t\t\t<div class=\"col-inner\"  >\n\t\t\t\n\t\t\t\n\t<div class=\"img has-hover x md-x lg-x y md-y lg-y\" id=\"image_491829070\">\n\t\t<a class=\"\" href=\"https:\/\/te8qc2.pro\/24z7\" >\t\t\t\t\t\t<div class=\"img-inner dark\" >\n\t\t\t<img loading=\"lazy\" decoding=\"async\" width=\"400\" height=\"188\" src=\"https:\/\/vipwin12.net\/wp-content\/uploads\/2025\/03\/dang-nhap.webp\" class=\"attachment-original size-original\" alt=\"\u0110\u0103ng nh\u1eadp t\u1ea3i app\" srcset=\"https:\/\/vipwin12.net\/wp-content\/uploads\/2025\/03\/dang-nhap.webp 400w, https:\/\/vipwin12.net\/wp-content\/uploads\/2025\/03\/dang-nhap-300x141.webp 300w\" sizes=\"auto, (max-width: 400px) 100vw, 400px\" \/>\t\t\t\t\t\t\n\t\t\t\t\t<\/div>\n\t\t\t\t\t\t<\/a>\t\t\n<style>\n#image_491829070 {\n  width: 100%;\n}\n<\/style>\n\t<\/div>\n\t\n\t\t<\/div>\n\t\t\t\t\t<\/div>\n\n\t\n\n\t<div id=\"col-1475265879\" class=\"col medium-4 small-12 large-4\"  >\n\t\t\t\t<div class=\"col-inner\"  >\n\t\t\t\n\t\t\t\n\t<div class=\"img has-hover x md-x lg-x y md-y lg-y\" id=\"image_421481118\">\n\t\t<a class=\"\" href=\"https:\/\/te8qc2.pro\/24z7\" >\t\t\t\t\t\t<div class=\"img-inner dark\" >\n\t\t\t<img loading=\"lazy\" decoding=\"async\" width=\"400\" height=\"188\" src=\"https:\/\/vipwin12.net\/wp-content\/uploads\/2025\/03\/khuyen-mai.webp\" class=\"attachment-original size-original\" alt=\"Khuy\u1ebfn m\u00e3i th\u00e0nh vi\u00ean\" srcset=\"https:\/\/vipwin12.net\/wp-content\/uploads\/2025\/03\/khuyen-mai.webp 400w, https:\/\/vipwin12.net\/wp-content\/uploads\/2025\/03\/khuyen-mai-300x141.webp 300w\" sizes=\"auto, (max-width: 400px) 100vw, 400px\" \/>\t\t\t\t\t\t\n\t\t\t\t\t<\/div>\n\t\t\t\t\t\t<\/a>\t\t\n<style>\n#image_421481118 {\n  width: 100%;\n}\n<\/style>\n\t<\/div>\n\t\n\t\t<\/div>\n\t\t\t\t\t<\/div>\n\n\t\n<\/div>\n\t<div id=\"gap-612444115\" class=\"gap-element clearfix\" style=\"display:block; height:auto;\">\n\t\t\n<style>\n#gap-612444115 {\n  padding-top: 16px;\n}\n<\/style>\n\t<\/div>\n\t\n\t<div id=\"gap-1775497536\" class=\"gap-element clearfix\" style=\"display:block; height:auto;\">\n\t\t\n<style>\n#gap-1775497536 {\n  padding-top: 15px;\n}\n<\/style>\n\t<\/div>\n\t\n<p><em><strong>Disclaimer (Tuy\u00ean b\u1ed1 mi\u1ec5n tr\u1eeb):<\/strong><\/em> Vipwin12.net ch\u1ec9 nh\u1eb1m m\u1ee5c \u0111\u00edch cung c\u1ea5p n\u1ed9i dung tham chi\u1ebfu cho ng\u01b0\u1eddi d\u00f9ng \u0111\u1ee7 18 tu\u1ed5i v\u00e0 kh\u00f4ng c\u01b0 tr\u00fa t\u1ea1i Vi\u1ec7t Nam. Ch\u00fang t\u00f4i kh\u00f4ng v\u1eadn h\u00e0nh hay c\u1ed5 s\u00fay cho ho\u1ea1t \u0111\u1ed9ng c\u00e1 c\u01b0\u1ee3c. Ng\u01b0\u1eddi truy c\u1eadp t\u1ef1 ch\u1ecbu tr\u00e1ch nhi\u1ec7m v\u1edbi m\u1ecdi h\u00e0nh \u0111\u1ed9ng c\u1ee7a m\u00ecnh v\u00e0 Vipwin12 bet kh\u00f4ng \u0111\u1ea3m b\u1ea3o ho\u1eb7c b\u1ed3i th\u01b0\u1eddng cho c\u00e1c r\u1ee7i ro li\u00ean quan.<\/p>\n<h2 class=\"tieu-de uppercase\"><span style=\"color: #3366ff;\"><strong>FAQ &#8211; nh\u1eefng th\u1eafc m\u1eafc v\u1ec1 trang ch\u1ee7 VIPWIN<\/strong><\/span><\/h2>\n<div class=\"accordion\"><\/div>\n\t<div id=\"accordion-3504993037\" class=\"accordion-item\">\n\t\t<a id=\"accordion-3504993037-label\" class=\"accordion-title plain\" href=\"#accordion-item-th\u00f4ng-tin-t\u00e0i-kho\u1ea3n-vipwin-12.casino-c\u00f3-\u0111\u01b0\u1ee3c-b\u1ea3o-m\u1eadt-kh\u00f4ng?\" aria-expanded=\"false\" aria-controls=\"accordion-3504993037-content\" >\n\t\t\t<button class=\"toggle\" aria-label=\"Chuy\u1ec3n \u0111\u1ed5i\"><i class=\"icon-angle-down\"><\/i><\/button>\n\t\t\t<span>Th\u00f4ng tin t\u00e0i kho\u1ea3n Vipwin 12.casino c\u00f3 \u0111\u01b0\u1ee3c b\u1ea3o m\u1eadt kh\u00f4ng?<\/span>\n\t\t<\/a>\n\t\t<div id=\"accordion-3504993037-content\" class=\"accordion-inner\" aria-labelledby=\"accordion-3504993037-label\" >\n\t\t\t\n<p><span style=\"color: #3366ff;\">T\u1ea5t c\u1ea3 th\u00f4ng tin c\u00e1 nh\u00e2n do ng\u01b0\u1eddi d\u00f9ng cung c\u1ea5p tr\u00ean trang Vipwin game s\u1ebd \u0111\u01b0\u1ee3c truy\u1ec1n qua c\u1ed5ng b\u1ea3o m\u1eadt \u0111\u01b0\u1ee3c m\u00e3 h\u00f3a SSL 128 bit (Ti\u00eau chu\u1ea9n m\u00e3 h\u00f3a SSL 128 bit) v\u00e0 \u0111\u01b0\u1ee3c l\u01b0u tr\u1eef trong m\u1ed9t m\u00f4i tr\u01b0\u1eddng b\u00ed m\u1eadt kh\u00f4ng th\u1ec3 truy c\u1eadp c\u00f4ng khai. Truy c\u1eadp n\u1ed9i b\u1ed9 v\u00e0o t\u1ea5t c\u1ea3 c\u00e1c d\u1eef li\u1ec7u b\u1ecb h\u1ea1n ch\u1ebf v\u00e0 theo d\u00f5i ch\u1eb7t ch\u1ebd, \u0111\u1ec3 \u0111\u1ea3m b\u1ea3o an to\u00e0n cho th\u00f4ng tin v\u00e0 d\u1eef li\u1ec7u c\u00e1 nh\u00e2n c\u1ee7a b\u1ea1n, v\u00ec v\u1eady b\u1ea1n kh\u00f4ng ph\u1ea3i lo l\u1eafng<\/span><\/p>\n\t\t<\/div>\n\t<\/div>\n\t\n\t<div id=\"accordion-1277568422\" class=\"accordion-item\">\n\t\t<a id=\"accordion-1277568422-label\" class=\"accordion-title plain\" href=\"#accordion-item-truy-c\u1eadp-vipwin-com-b\u1eb1ng-nh\u1eefng-link-ch\u00ednh-th\u1ee9c-n\u00e0o?\" aria-expanded=\"false\" aria-controls=\"accordion-1277568422-content\" >\n\t\t\t<button class=\"toggle\" aria-label=\"Chuy\u1ec3n \u0111\u1ed5i\"><i class=\"icon-angle-down\"><\/i><\/button>\n\t\t\t<span>Truy c\u1eadp Vipwin com b\u1eb1ng nh\u1eefng link ch\u00ednh th\u1ee9c n\u00e0o?<\/span>\n\t\t<\/a>\n\t\t<div id=\"accordion-1277568422-content\" class=\"accordion-inner\" aria-labelledby=\"accordion-1277568422-label\" >\n\t\t\t\n<p><span style=\"color: #3366ff;\">Truy c\u1eadp v\u00e0o Vipwin 12 app b\u1eb1ng c\u00e1c trang sau:<\/span><\/p>\n<ul>\n<li><span style=\"color: #3366ff;\">Vipwin12 .com<\/span><\/li>\n<li><span style=\"color: #3366ff;\">Vipwin 12.casino<\/span><\/li>\n<li><span style=\"color: #3366ff;\">Vipwin12 . app<\/span><\/li>\n<li><span style=\"color: #3366ff;\">Vipwin12.game<\/span><\/li>\n<li><span style=\"color: #3366ff;\">Vipwin 12.bet<\/span><\/li>\n<\/ul>\n<p>#trangchuvipwin #dangnhapvipwin #dangkyvipwin #taiappvipwin #appvipwin #vipwinbet #vipwincasino<\/p>\n<p>#trangchuvipwin12 #dangnhapvipwin12 #dangkyvipwin12 #taiappvipwin12 #appvipwin12 #vipwin12bet #vipwin12casino<\/p>\n\t\t<\/div>\n\t<\/div>\n\t\n\t<div id=\"accordion-858521942\" class=\"accordion-item\">\n\t\t<a id=\"accordion-858521942-label\" class=\"accordion-title plain\" href=\"#accordion-item-k\u00eanh-h\u1ed7-tr\u1ee3-kh\u00e1ch-h\u00e0ng-vipwin12.-game-ho\u1ea1t-\u0111\u1ed9ng-nh\u01b0-th\u1ebf-n\u00e0o?\" aria-expanded=\"false\" aria-controls=\"accordion-858521942-content\" >\n\t\t\t<button class=\"toggle\" aria-label=\"Chuy\u1ec3n \u0111\u1ed5i\"><i class=\"icon-angle-down\"><\/i><\/button>\n\t\t\t<span>K\u00eanh h\u1ed7 tr\u1ee3 kh\u00e1ch h\u00e0ng Vipwin12. game ho\u1ea1t \u0111\u1ed9ng nh\u01b0 th\u1ebf n\u00e0o?<\/span>\n\t\t<\/a>\n\t\t<div id=\"accordion-858521942-content\" class=\"accordion-inner\" aria-labelledby=\"accordion-858521942-label\" >\n\t\t\t\n<p><span style=\"color: #3366ff;\">H\u1ec7 th\u1ed1ng CSKH c\u1ee7a VIPWIN ho\u1ea1t \u0111\u1ed9ng 24\/24, v\u1edbi \u0111\u1ed9i ng\u0169 nh\u00e2n vi\u00ean nhi\u1ec7t t\u00ecnh v\u00e0 chuy\u00ean nghi\u1ec7p. B\u1ea5t k\u1ef3 khi n\u00e0o ng\u01b0\u1eddi ch\u01a1i g\u1eb7p v\u1ea5n \u0111\u1ec1 khi tham gia ch\u01a1i \u0111\u1ec1u c\u00f3 th\u1ec3 li\u00ean h\u1ec7 CSKH \u0111\u1ec3 \u0111\u01b0\u1ee3c h\u1ed7 tr\u1ee3 nhanh nh\u1ea5t.<\/span><\/p>\n\t\t<\/div>\n\t<\/div>\n\t\n\t<div id=\"accordion-2141055528\" class=\"accordion-item\">\n\t\t<a id=\"accordion-2141055528-label\" class=\"accordion-title plain\" href=\"#accordion-item-khuy\u1ebfn-m\u00e3i-t\u00e2n-th\u1ee7-vipwin-12.bet-nh\u1eadn-nh\u01b0-th\u1ebf-n\u00e0o?\" aria-expanded=\"false\" aria-controls=\"accordion-2141055528-content\" >\n\t\t\t<button class=\"toggle\" aria-label=\"Chuy\u1ec3n \u0111\u1ed5i\"><i class=\"icon-angle-down\"><\/i><\/button>\n\t\t\t<span>Khuy\u1ebfn m\u00e3i t\u00e2n th\u1ee7 Vipwin 12.bet nh\u1eadn nh\u01b0 th\u1ebf n\u00e0o?<\/span>\n\t\t<\/a>\n\t\t<div id=\"accordion-2141055528-content\" class=\"accordion-inner\" aria-labelledby=\"accordion-2141055528-label\" >\n\t\t\t\n<p><span style=\"color: #3366ff;\">Ng\u01b0\u1eddi ch\u01a1i sau khi \u0111\u0103ng k\u00fd th\u00e0nh c\u00f4ng t\u00e0i kho\u1ea3n t\u1ea1i nh\u00e0 c\u00e1i s\u1ebd c\u00f3 c\u01a1 h\u1ed9i nh\u1eadn th\u01b0\u1edfng n\u1ea1p \u0111\u1ea7u v\u1edbi gi\u00e1 tr\u1ecb gi\u1ea3i th\u01b0\u1edfng v\u00f4 c\u00f9ng h\u1ea5p d\u1eabn. Ti\u1ec1n th\u01b0\u1edfng c\u00f3 th\u1ec3 c\u1ea7n tr\u1ea3i qua 1 ho\u1eb7c v\u00e0i v\u00f2ng c\u01b0\u1ee3c theo y\u00eau c\u1ea7u s\u1ebd \u0111\u01b0\u1ee3c r\u00fat v\u1ec1 d\u1ec5 d\u00e0ng.<\/span><\/p>\n\t\t<\/div>\n\t<\/div>\n\t\n<p>&nbsp;<\/p>\n","protected":false},"excerpt":{"rendered":"<p>TRANG CH\u1ee6 \u0110\u0102NG NH\u1eacP NH\u00c0 C\u00c1I VIPWIN Link trang t\u1ed5ng v\u00e0o Vipwin12 com ch\u00ednh th\u1ee9c c\u1eadp nh\u1eadt ng\u00e0y h\u00f4m nay m\u1edbi nh\u1ea5t: Disclaimer (Tuy\u00ean b\u1ed1 mi\u1ec5n tr\u1eeb): Vipwin12.net ch\u1ec9 nh\u1eb1m m\u1ee5c \u0111\u00edch cung c\u1ea5p n\u1ed9i dung tham chi\u1ebfu cho ng\u01b0\u1eddi d\u00f9ng \u0111\u1ee7 18 tu\u1ed5i v\u00e0 kh\u00f4ng c\u01b0 tr\u00fa t\u1ea1i Vi\u1ec7t Nam. Ch\u00fang t\u00f4i kh\u00f4ng v\u1eadn&#8230;<\/p>\n","protected":false},"author":1,"featured_media":0,"parent":0,"menu_order":0,"comment_status":"closed","ping_status":"open","template":"page-right-sidebar.php","meta":{"footnotes":""},"class_list":["post-2","page","type-page","status-publish","hentry"],"_links":{"self":[{"href":"https:\/\/vipwin12.net\/index.php?rest_route=\/wp\/v2\/pages\/2","targetHints":{"allow":["GET"]}}],"collection":[{"href":"https:\/\/vipwin12.net\/index.php?rest_route=\/wp\/v2\/pages"}],"about":[{"href":"https:\/\/vipwin12.net\/index.php?rest_route=\/wp\/v2\/types\/page"}],"author":[{"embeddable":true,"href":"https:\/\/vipwin12.net\/index.php?rest_route=\/wp\/v2\/users\/1"}],"replies":[{"embeddable":true,"href":"https:\/\/vipwin12.net\/index.php?rest_route=%2Fwp%2Fv2%2Fcomments&post=2"}],"version-history":[{"count":55,"href":"https:\/\/vipwin12.net\/index.php?rest_route=\/wp\/v2\/pages\/2\/revisions"}],"predecessor-version":[{"id":641,"href":"https:\/\/vipwin12.net\/index.php?rest_route=\/wp\/v2\/pages\/2\/revisions\/641"}],"wp:attachment":[{"href":"https:\/\/vipwin12.net\/index.php?rest_route=%2Fwp%2Fv2%2Fmedia&parent=2"}],"curies":[{"name":"wp","href":"https:\/\/api.w.org\/{rel}","templated":true}]}}